{"id":5404,"date":"2023-02-06T14:07:52","date_gmt":"2023-02-06T13:07:52","guid":{"rendered":"https:\/\/omni3d.com\/shop\/?post_type=product&#038;p=5404"},"modified":"2023-02-21T11:13:51","modified_gmt":"2023-02-21T10:13:51","slug":"tacka-pei-omnistart-omni200","status":"publish","type":"product","link":"https:\/\/omni3d.com\/shop\/pl\/produkt\/tacka-pei-omnistart-omni200\/","title":{"rendered":"Tacka magnetyczna natryskowa PEI &#8211; OmniSTART\/Omni200"},"content":{"rendered":"<p><span lang=\"PL\">Z\u0142ota tacka z teksturowanym PEI jest uwa\u017cana za jedn\u0105 z najbardziej wygodnych i niezawodnych powierzchni platformy roboczej przeznaczonych do drukarek 3D. Jest elastyczna co pozwala na \u0142atwe i szybkie usuwanie gotowego modelu bez konieczno\u015bci u\u017cywania dodatkowych narz\u0119dzi. <\/span><\/p>\n<p><span lang=\"PL\">Po wystygni\u0119ciu wydruki samoistnie si\u0119 od niej odklejaj\u0105, a gdy jest ciep\u0142a wystarczy j\u0105 lekko odkszta\u0142ci\u0107, aby uwolni\u0107 z niej wydruk. Tacka jest utrzymywana na powierzchni sto\u0142u przez magnes, przez co mo\u017cna j\u0105 \u0142atwo wyj\u0105\u0107 z drukarki i wyczy\u015bci\u0107. <strong><span class=\"ui-provider vl b c d e f g h i j k l m n o p q r s t u v w x y z ab ac ae af ag ah ai aj ak\" dir=\"ltr\">Tacka PEI jest bardziej odporna od tacki magnetycznej i dodatkowo jest dwustronna. Je\u015bli porysujesz jedn\u0105 stron\u0119 to wystarczy, \u017ce odwr\u00f3cisz tack\u0119. <\/span><\/strong><\/span><\/p>\n<p><span lang=\"PL\">Tacka jest kompatybilna z takimi materia\u0142ami jak PLA, PETG, TPU, ABS.\u00a0<\/span><\/p>\n<p><span lang=\"PL\">Je\u015bli chcesz zastosowa\u0107 tack\u0119 PEI do drukarki OmniSTART czy Omni200 to musisz zaopatrzy\u0107 si\u0119 w podk\u0142adk\u0119 magnetyczn\u0105, kt\u00f3ra umo\u017cliwi prawid\u0142owe przymocowanie tacki do platformy roboczej.\u00a0<\/span><\/p>\n","protected":false},"excerpt":{"rendered":"<p><b><span lang=\"PL\">Tacka PEI &#8211; najlepsze rozwi\u0105zanie do drukowania z PLA!<\/span><\/b><\/p>\n","protected":false},"featured_media":5405,"template":"","meta":[],"product_cat":[125,129,73],"product_tag":[],"yoast_head":"<!-- This site is optimized with the Yoast SEO plugin v18.6 - https:\/\/yoast.com\/wordpress\/plugins\/seo\/ -->\n<title>Tacka magnetyczna natryskowa PEI - OmniSTART\/Omni200 Sklep \/ Cena 2021 i Opinie \/ Gdzie kupi\u0107?<\/title>\n<meta name=\"robots\" content=\"index, follow, max-snippet:-1, max-image-preview:large, max-video-preview:-1\" \/>\n<link rel=\"canonical\" href=\"https:\/\/omni3d.com\/shop\/pl\/produkt\/tacka-pei-omnistart-omni200\/\" \/>\n<meta property=\"og:locale\" content=\"pl_PL\" \/>\n<meta property=\"og:type\" content=\"article\" \/>\n<meta property=\"og:title\" content=\"Tacka magnetyczna natryskowa PEI - OmniSTART\/Omni200 Sklep \/ Cena 2021 i Opinie \/ Gdzie kupi\u0107?\" \/>\n<meta property=\"og:description\" content=\"Tacka PEI - najlepsze rozwi\u0105zanie do drukowania z PLA!\" \/>\n<meta property=\"og:url\" content=\"https:\/\/omni3d.com\/shop\/pl\/produkt\/tacka-pei-omnistart-omni200\/\" \/>\n<meta property=\"og:site_name\" content=\"Omni3D\" \/>\n<meta property=\"article:modified_time\" content=\"2023-02-21T10:13:51+00:00\" \/>\n<meta property=\"og:image\" content=\"https:\/\/omni3d.com\/shop\/wp-content\/uploads\/2023\/02\/4-1024x1024.png\" \/>\n\t<meta property=\"og:image:width\" content=\"1024\" \/>\n\t<meta property=\"og:image:height\" content=\"1024\" \/>\n\t<meta property=\"og:image:type\" content=\"image\/png\" \/>\n<meta name=\"twitter:card\" content=\"summary_large_image\" \/>\n<meta name=\"twitter:label1\" content=\"Szacowany czas czytania\" \/>\n\t<meta name=\"twitter:data1\" content=\"1 minuta\" \/>\n<script type=\"application\/ld+json\" class=\"yoast-schema-graph\">{\"@context\":\"https:\/\/schema.org\",\"@graph\":[{\"@type\":\"Organization\",\"@id\":\"https:\/\/omni3d.com\/shop\/#organization\",\"name\":\"Sklep Omni3D \/ Filamenty 3D, Drukarki 3D, Cz\u0119\u015bci zamienne\",\"url\":\"https:\/\/omni3d.com\/shop\/\",\"sameAs\":[],\"logo\":{\"@type\":\"ImageObject\",\"@id\":\"https:\/\/omni3d.com\/shop\/#logo\",\"inLanguage\":\"pl-PL\",\"url\":\"https:\/\/omni3d.com\/shop\/wp-content\/uploads\/2020\/06\/Omni3D-logo.svg\",\"contentUrl\":\"https:\/\/omni3d.com\/shop\/wp-content\/uploads\/2020\/06\/Omni3D-logo.svg\",\"width\":220,\"height\":102,\"caption\":\"Sklep Omni3D \/ Filamenty 3D, Drukarki 3D, Cz\u0119\u015bci zamienne\"},\"image\":{\"@id\":\"https:\/\/omni3d.com\/shop\/#logo\"}},{\"@type\":\"WebSite\",\"@id\":\"https:\/\/omni3d.com\/shop\/#website\",\"url\":\"https:\/\/omni3d.com\/shop\/\",\"name\":\"Omni3D\",\"description\":\"Omni3D - Drukarki 3D, Cz\u0119\u015bci zamienne, Filamenty\",\"publisher\":{\"@id\":\"https:\/\/omni3d.com\/shop\/#organization\"},\"potentialAction\":[{\"@type\":\"SearchAction\",\"target\":{\"@type\":\"EntryPoint\",\"urlTemplate\":\"https:\/\/omni3d.com\/shop\/?s={search_term_string}\"},\"query-input\":\"required name=search_term_string\"}],\"inLanguage\":\"pl-PL\"},{\"@type\":\"ImageObject\",\"@id\":\"https:\/\/omni3d.com\/shop\/pl\/produkt\/tacka-pei-omnistart-omni200\/#primaryimage\",\"inLanguage\":\"pl-PL\",\"url\":\"https:\/\/omni3d.com\/shop\/wp-content\/uploads\/2023\/02\/4.png\",\"contentUrl\":\"https:\/\/omni3d.com\/shop\/wp-content\/uploads\/2023\/02\/4.png\",\"width\":1080,\"height\":1080},{\"@type\":\"WebPage\",\"@id\":\"https:\/\/omni3d.com\/shop\/pl\/produkt\/tacka-pei-omnistart-omni200\/#webpage\",\"url\":\"https:\/\/omni3d.com\/shop\/pl\/produkt\/tacka-pei-omnistart-omni200\/\",\"name\":\"Tacka magnetyczna natryskowa PEI - OmniSTART\/Omni200 Sklep \/ Cena 2021 i Opinie \/ Gdzie kupi\u0107?\",\"isPartOf\":{\"@id\":\"https:\/\/omni3d.com\/shop\/#website\"},\"primaryImageOfPage\":{\"@id\":\"https:\/\/omni3d.com\/shop\/pl\/produkt\/tacka-pei-omnistart-omni200\/#primaryimage\"},\"datePublished\":\"2023-02-06T13:07:52+00:00\",\"dateModified\":\"2023-02-21T10:13:51+00:00\",\"breadcrumb\":{\"@id\":\"https:\/\/omni3d.com\/shop\/pl\/produkt\/tacka-pei-omnistart-omni200\/#breadcrumb\"},\"inLanguage\":\"pl-PL\",\"potentialAction\":[{\"@type\":\"ReadAction\",\"target\":[\"https:\/\/omni3d.com\/shop\/pl\/produkt\/tacka-pei-omnistart-omni200\/\"]}]},{\"@type\":\"BreadcrumbList\",\"@id\":\"https:\/\/omni3d.com\/shop\/pl\/produkt\/tacka-pei-omnistart-omni200\/#breadcrumb\",\"itemListElement\":[{\"@type\":\"ListItem\",\"position\":1,\"name\":\"Homepage\",\"item\":\"https:\/\/omni3d.com\/shop\/pl\/\"},{\"@type\":\"ListItem\",\"position\":2,\"name\":\"Sklep\",\"item\":\"https:\/\/omni3d.com\/shop\/pl\/sklep\/\"},{\"@type\":\"ListItem\",\"position\":3,\"name\":\"Tacka magnetyczna natryskowa PEI &#8211; OmniSTART\/Omni200\"}]}]}<\/script>\n<!-- \/ Yoast SEO plugin. -->","yoast_head_json":{"title":"Tacka magnetyczna natryskowa PEI - OmniSTART\/Omni200 Sklep \/ Cena 2021 i Opinie \/ Gdzie kupi\u0107?","robots":{"index":"index","follow":"follow","max-snippet":"max-snippet:-1","max-image-preview":"max-image-preview:large","max-video-preview":"max-video-preview:-1"},"canonical":"https:\/\/omni3d.com\/shop\/pl\/produkt\/tacka-pei-omnistart-omni200\/","og_locale":"pl_PL","og_type":"article","og_title":"Tacka magnetyczna natryskowa PEI - OmniSTART\/Omni200 Sklep \/ Cena 2021 i Opinie \/ Gdzie kupi\u0107?","og_description":"Tacka PEI - najlepsze rozwi\u0105zanie do drukowania z PLA!","og_url":"https:\/\/omni3d.com\/shop\/pl\/produkt\/tacka-pei-omnistart-omni200\/","og_site_name":"Omni3D","article_modified_time":"2023-02-21T10:13:51+00:00","og_image":[{"width":1024,"height":1024,"url":"https:\/\/omni3d.com\/shop\/wp-content\/uploads\/2023\/02\/4-1024x1024.png","type":"image\/png"}],"twitter_card":"summary_large_image","twitter_misc":{"Szacowany czas czytania":"1 minuta"},"schema":{"@context":"https:\/\/schema.org","@graph":[{"@type":"Organization","@id":"https:\/\/omni3d.com\/shop\/#organization","name":"Sklep Omni3D \/ Filamenty 3D, Drukarki 3D, Cz\u0119\u015bci zamienne","url":"https:\/\/omni3d.com\/shop\/","sameAs":[],"logo":{"@type":"ImageObject","@id":"https:\/\/omni3d.com\/shop\/#logo","inLanguage":"pl-PL","url":"https:\/\/omni3d.com\/shop\/wp-content\/uploads\/2020\/06\/Omni3D-logo.svg","contentUrl":"https:\/\/omni3d.com\/shop\/wp-content\/uploads\/2020\/06\/Omni3D-logo.svg","width":220,"height":102,"caption":"Sklep Omni3D \/ Filamenty 3D, Drukarki 3D, Cz\u0119\u015bci zamienne"},"image":{"@id":"https:\/\/omni3d.com\/shop\/#logo"}},{"@type":"WebSite","@id":"https:\/\/omni3d.com\/shop\/#website","url":"https:\/\/omni3d.com\/shop\/","name":"Omni3D","description":"Omni3D - Drukarki 3D, Cz\u0119\u015bci zamienne, Filamenty","publisher":{"@id":"https:\/\/omni3d.com\/shop\/#organization"},"potentialAction":[{"@type":"SearchAction","target":{"@type":"EntryPoint","urlTemplate":"https:\/\/omni3d.com\/shop\/?s={search_term_string}"},"query-input":"required name=search_term_string"}],"inLanguage":"pl-PL"},{"@type":"ImageObject","@id":"https:\/\/omni3d.com\/shop\/pl\/produkt\/tacka-pei-omnistart-omni200\/#primaryimage","inLanguage":"pl-PL","url":"https:\/\/omni3d.com\/shop\/wp-content\/uploads\/2023\/02\/4.png","contentUrl":"https:\/\/omni3d.com\/shop\/wp-content\/uploads\/2023\/02\/4.png","width":1080,"height":1080},{"@type":"WebPage","@id":"https:\/\/omni3d.com\/shop\/pl\/produkt\/tacka-pei-omnistart-omni200\/#webpage","url":"https:\/\/omni3d.com\/shop\/pl\/produkt\/tacka-pei-omnistart-omni200\/","name":"Tacka magnetyczna natryskowa PEI - OmniSTART\/Omni200 Sklep \/ Cena 2021 i Opinie \/ Gdzie kupi\u0107?","isPartOf":{"@id":"https:\/\/omni3d.com\/shop\/#website"},"primaryImageOfPage":{"@id":"https:\/\/omni3d.com\/shop\/pl\/produkt\/tacka-pei-omnistart-omni200\/#primaryimage"},"datePublished":"2023-02-06T13:07:52+00:00","dateModified":"2023-02-21T10:13:51+00:00","breadcrumb":{"@id":"https:\/\/omni3d.com\/shop\/pl\/produkt\/tacka-pei-omnistart-omni200\/#breadcrumb"},"inLanguage":"pl-PL","potentialAction":[{"@type":"ReadAction","target":["https:\/\/omni3d.com\/shop\/pl\/produkt\/tacka-pei-omnistart-omni200\/"]}]},{"@type":"BreadcrumbList","@id":"https:\/\/omni3d.com\/shop\/pl\/produkt\/tacka-pei-omnistart-omni200\/#breadcrumb","itemListElement":[{"@type":"ListItem","position":1,"name":"Homepage","item":"https:\/\/omni3d.com\/shop\/pl\/"},{"@type":"ListItem","position":2,"name":"Sklep","item":"https:\/\/omni3d.com\/shop\/pl\/sklep\/"},{"@type":"ListItem","position":3,"name":"Tacka magnetyczna natryskowa PEI &#8211; OmniSTART\/Omni200"}]}]}},"lang":"pl","translations":{"en":5449,"pl":5404},"pll_sync_post":[],"_links":{"self":[{"href":"https:\/\/omni3d.com\/shop\/wp-json\/wp\/v2\/product\/5404"}],"collection":[{"href":"https:\/\/omni3d.com\/shop\/wp-json\/wp\/v2\/product"}],"about":[{"href":"https:\/\/omni3d.com\/shop\/wp-json\/wp\/v2\/types\/product"}],"wp:featuredmedia":[{"embeddable":true,"href":"https:\/\/omni3d.com\/shop\/wp-json\/wp\/v2\/media\/5405"}],"wp:attachment":[{"href":"https:\/\/omni3d.com\/shop\/wp-json\/wp\/v2\/media?parent=5404"}],"wp:term":[{"taxonomy":"product_cat","embeddable":true,"href":"https:\/\/omni3d.com\/shop\/wp-json\/wp\/v2\/product_cat?post=5404"},{"taxonomy":"product_tag","embeddable":true,"href":"https:\/\/omni3d.com\/shop\/wp-json\/wp\/v2\/product_tag?post=5404"}],"curies":[{"name":"wp","href":"https:\/\/api.w.org\/{rel}","templated":true}]}}